{"id":486,"date":"2021-03-12T19:32:05","date_gmt":"2021-03-12T19:32:05","guid":{"rendered":"http:\/\/metrica.com.py\/?page_id=486"},"modified":"2021-03-12T19:35:02","modified_gmt":"2021-03-12T19:35:02","slug":"proyectos-viales","status":"publish","type":"page","link":"http:\/\/metrica.com.py\/sitio\/proyectos-viales\/","title":{"rendered":"Proyectos Viales"},"content":{"rendered":"\t\t<div data-elementor-type=\"wp-page\" data-elementor-id=\"486\" class=\"elementor elementor-486\" data-elementor-settings=\"[]\">\n\t\t\t\t\t\t<div class=\"elementor-inner\">\n\t\t\t\t\t\t\t<div class=\"elementor-section-wrap\">\n\t\t\t\t\t\t\t<section class=\"elementor-section elementor-top-section elementor-element elementor-element-20076c2 elementor-section-full_width elementor-section-stretched elementor-section-height-default elementor-section-height-default\" data-id=\"20076c2\" data-element_type=\"section\" data-settings=\"{&quot;stretch_section&quot;:&quot;section-stretched&quot;}\">\n\t\t\t\t\t\t<div class=\"elementor-container elementor-column-gap-default\">\n\t\t\t\t\t\t\t<div class=\"elementor-row\">\n\t\t\t\t\t<div class=\"elementor-column elementor-col-100 elementor-top-column elementor-element elementor-element-53a16c39\" data-id=\"53a16c39\" data-element_type=\"column\">\n\t\t\t<div class=\"elementor-column-wrap elementor-element-populated\">\n\t\t\t\t\t\t\t<div class=\"elementor-widget-wrap\">\n\t\t\t\t\t\t<div class=\"elementor-element elementor-element-111d6ba6 elementor-widget elementor-widget-heading\" data-id=\"111d6ba6\" data-element_type=\"widget\" data-widget_type=\"heading.default\">\n\t\t\t\t<div class=\"elementor-widget-container\">\n\t\t\t<h1 class=\"elementor-heading-title elementor-size-default\">Proyectos Viales<\/h1>\t\t<\/div>\n\t\t\t\t<\/div>\n\t\t\t\t<div class=\"elementor-element elementor-element-68c3c2b1 elementor-widget elementor-widget-spacer\" data-id=\"68c3c2b1\" data-element_type=\"widget\" data-widget_type=\"spacer.default\">\n\t\t\t\t<div class=\"elementor-widget-container\">\n\t\t\t\t\t<div class=\"elementor-spacer\">\n\t\t\t<div class=\"elementor-spacer-inner\"><\/div>\n\t\t<\/div>\n\t\t\t\t<\/div>\n\t\t\t\t<\/div>\n\t\t\t\t\t\t<\/div>\n\t\t\t\t\t<\/div>\n\t\t<\/div>\n\t\t\t\t\t\t\t\t<\/div>\n\t\t\t\t\t<\/div>\n\t\t<\/section>\n\t\t\t\t<section class=\"elementor-section elementor-top-section elementor-element elementor-element-5db2bd07 elementor-section-stretched elementor-section-boxed elementor-section-height-default elementor-section-height-default\" data-id=\"5db2bd07\" data-element_type=\"section\" data-settings=\"{&quot;stretch_section&quot;:&quot;section-stretched&quot;}\">\n\t\t\t\t\t\t<div class=\"elementor-container elementor-column-gap-default\">\n\t\t\t\t\t\t\t<div class=\"elementor-row\">\n\t\t\t\t\t<div class=\"elementor-column elementor-col-50 elementor-top-column elementor-element elementor-element-45a16b9e\" data-id=\"45a16b9e\" data-element_type=\"column\">\n\t\t\t<div class=\"elementor-column-wrap elementor-element-populated\">\n\t\t\t\t\t\t\t<div class=\"elementor-widget-wrap\">\n\t\t\t\t\t\t<div class=\"elementor-element elementor-element-ba11b5f elementor-widget elementor-widget-image\" data-id=\"ba11b5f\" data-element_type=\"widget\" data-widget_type=\"image.default\">\n\t\t\t\t<div class=\"elementor-widget-container\">\n\t\t\t\t\t<div class=\"elementor-image\">\n\t\t\t\t\t\t\t\t\t\t<img loading=\"lazy\" decoding=\"async\" width=\"740\" height=\"555\" src=\"http:\/\/metrica.com.py\/sitio\/wp-content\/uploads\/2020\/02\/obras-viales-1-1024x768.jpg\" class=\"attachment-large size-large\" alt=\"\" srcset=\"http:\/\/metrica.com.py\/sitio\/wp-content\/uploads\/2020\/02\/obras-viales-1-1024x768.jpg 1024w, http:\/\/metrica.com.py\/sitio\/wp-content\/uploads\/2020\/02\/obras-viales-1-scaled-600x450.jpg 600w, http:\/\/metrica.com.py\/sitio\/wp-content\/uploads\/2020\/02\/obras-viales-1-300x225.jpg 300w, http:\/\/metrica.com.py\/sitio\/wp-content\/uploads\/2020\/02\/obras-viales-1-768x576.jpg 768w, http:\/\/metrica.com.py\/sitio\/wp-content\/uploads\/2020\/02\/obras-viales-1-1536x1152.jpg 1536w, http:\/\/metrica.com.py\/sitio\/wp-content\/uploads\/2020\/02\/obras-viales-1-2048x1536.jpg 2048w\" sizes=\"auto, (max-width: 740px) 100vw, 740px\" \/>\t\t\t\t\t\t\t\t\t\t\t<\/div>\n\t\t\t\t<\/div>\n\t\t\t\t<\/div>\n\t\t\t\t\t\t<\/div>\n\t\t\t\t\t<\/div>\n\t\t<\/div>\n\t\t\t\t<div class=\"elementor-column elementor-col-50 elementor-top-column elementor-element elementor-element-7120c5ba\" data-id=\"7120c5ba\" data-element_type=\"column\">\n\t\t\t<div class=\"elementor-column-wrap elementor-element-populated\">\n\t\t\t\t\t\t\t<div class=\"elementor-widget-wrap\">\n\t\t\t\t\t\t<div class=\"elementor-element elementor-element-6dfd9c3b elementor-widget elementor-widget-text-editor\" data-id=\"6dfd9c3b\" data-element_type=\"widget\" data-widget_type=\"text-editor.default\">\n\t\t\t\t<div class=\"elementor-widget-container\">\n\t\t\t\t\t<div class=\"elementor-text-editor elementor-clearfix\"><p>M\u00e9trica Ingenier\u00eda S.A., cuenta con un equipo de especialistas en v\u00edas, con vasta y diversa experiencia en este campo, los cuales son capaces de obtener adecuadas soluciones realizando:<\/p><ul><li>Estudios de tr\u00e1nsito<\/li><li>Dise\u00f1os geom\u00e9tricos<\/li><li>Estudio de suelos para dise\u00f1os de pavimento<\/li><li>Dise\u00f1os de pavimentos<\/li><li>Estudios de Hidr\u00e1ulica, drenaje y socavaci\u00f3n<\/li><li>Estudios de estabilidad de taludes<\/li><li>Dise\u00f1o de estructuras viales (puentes, obras de arte.)<\/li><\/ul><\/div>\n\t\t\t\t<\/div>\n\t\t\t\t<\/div>\n\t\t\t\t\t\t<\/div>\n\t\t\t\t\t<\/div>\n\t\t<\/div>\n\t\t\t\t\t\t\t\t<\/div>\n\t\t\t\t\t<\/div>\n\t\t<\/section>\n\t\t\t\t<section class=\"elementor-section elementor-top-section elementor-element elementor-element-1d463902 elementor-section-stretched elementor-section-boxed elementor-section-height-default elementor-section-height-default\" data-id=\"1d463902\" data-element_type=\"section\" data-settings=\"{&quot;stretch_section&quot;:&quot;section-stretched&quot;}\">\n\t\t\t\t\t\t<div class=\"elementor-container elementor-column-gap-default\">\n\t\t\t\t\t\t\t<div class=\"elementor-row\">\n\t\t\t\t\t<div class=\"elementor-column elementor-col-100 elementor-top-column elementor-element elementor-element-61bde1ed\" data-id=\"61bde1ed\" data-element_type=\"column\">\n\t\t\t<div class=\"elementor-column-wrap elementor-element-populated\">\n\t\t\t\t\t\t\t<div class=\"elementor-widget-wrap\">\n\t\t\t\t\t\t<div class=\"elementor-element elementor-element-3edd6924 elementor-widget elementor-widget-spacer\" data-id=\"3edd6924\" data-element_type=\"widget\" data-widget_type=\"spacer.default\">\n\t\t\t\t<div class=\"elementor-widget-container\">\n\t\t\t\t\t<div class=\"elementor-spacer\">\n\t\t\t<div class=\"elementor-spacer-inner\"><\/div>\n\t\t<\/div>\n\t\t\t\t<\/div>\n\t\t\t\t<\/div>\n\t\t\t\t\t\t<\/div>\n\t\t\t\t\t<\/div>\n\t\t<\/div>\n\t\t\t\t\t\t\t\t<\/div>\n\t\t\t\t\t<\/div>\n\t\t<\/section>\n\t\t\t\t\t\t<\/div>\n\t\t\t\t\t\t<\/div>\n\t\t\t\t\t<\/div>\n\t\t","protected":false},"excerpt":{"rendered":"<p>Proyectos Viales M\u00e9trica Ingenier\u00eda S.A., cuenta con un equipo de especialistas en v\u00edas, con vasta y diversa experiencia en este campo, los cuales son capaces de obtener adecuadas soluciones realizando: Estudios de tr\u00e1nsito Dise\u00f1os geom\u00e9tricos Estudio de suelos para dise\u00f1os de pavimento Dise\u00f1os de pavimentos Estudios de Hidr\u00e1ulica, drenaje y socavaci\u00f3n Estudios de estabilidad de [&hellip;]<\/p>\n","protected":false},"author":1,"featured_media":0,"parent":0,"menu_order":0,"comment_status":"closed","ping_status":"closed","template":"","meta":{"footnotes":""},"class_list":["post-486","page","type-page","status-publish","hentry"],"_links":{"self":[{"href":"http:\/\/metrica.com.py\/sitio\/wp-json\/wp\/v2\/pages\/486","targetHints":{"allow":["GET"]}}],"collection":[{"href":"http:\/\/metrica.com.py\/sitio\/wp-json\/wp\/v2\/pages"}],"about":[{"href":"http:\/\/metrica.com.py\/sitio\/wp-json\/wp\/v2\/types\/page"}],"author":[{"embeddable":true,"href":"http:\/\/metrica.com.py\/sitio\/wp-json\/wp\/v2\/users\/1"}],"replies":[{"embeddable":true,"href":"http:\/\/metrica.com.py\/sitio\/wp-json\/wp\/v2\/comments?post=486"}],"version-history":[{"count":4,"href":"http:\/\/metrica.com.py\/sitio\/wp-json\/wp\/v2\/pages\/486\/revisions"}],"predecessor-version":[{"id":490,"href":"http:\/\/metrica.com.py\/sitio\/wp-json\/wp\/v2\/pages\/486\/revisions\/490"}],"wp:attachment":[{"href":"http:\/\/metrica.com.py\/sitio\/wp-json\/wp\/v2\/media?parent=486"}],"curies":[{"name":"wp","href":"https:\/\/api.w.org\/{rel}","templated":true}]}}