{"id":2,"date":"2021-02-01T18:06:15","date_gmt":"2021-02-01T18:06:15","guid":{"rendered":"http:\/\/metrica.com.py\/clientes\/?page_id=2"},"modified":"2021-05-27T15:23:26","modified_gmt":"2021-05-27T15:23:26","slug":"home","status":"publish","type":"page","link":"http:\/\/metrica.com.py\/clientes\/","title":{"rendered":"Area de Clientes"},"content":{"rendered":"\n<p>Bienvenido al \u00e1rea del Clientes de M\u00e9trica Ingenier\u00eda S.A<\/p>\n\n\n\n<p>El contenido de esta \u00c1rea es exclusiva para usuarios registrados, favor le suplicamos no revelar su usuario y contrase\u00f1a con terceros.<\/p>\n\n\n\n<p>Puede iniciar sesi\u00f3n en el siguiente link <a href=\"http:\/\/metrica.com.py\/clientes\/login\" data-type=\"URL\" data-id=\"http:\/\/metrica.com.py\/clientes\/login\">http:\/\/metrica.com.py\/clientes\/login<\/a><\/p>\n\n\n\n<figure class=\"wp-block-image size-large\"><img loading=\"lazy\" decoding=\"async\" width=\"984\" height=\"186\" src=\"http:\/\/metrica.com.py\/clientes\/wp-content\/uploads\/2021\/05\/logo.jpg\" alt=\"\" class=\"wp-image-162\" srcset=\"http:\/\/metrica.com.py\/clientes\/wp-content\/uploads\/2021\/05\/logo.jpg 984w, http:\/\/metrica.com.py\/clientes\/wp-content\/uploads\/2021\/05\/logo-300x57.jpg 300w, http:\/\/metrica.com.py\/clientes\/wp-content\/uploads\/2021\/05\/logo-768x145.jpg 768w\" sizes=\"auto, (max-width: 984px) 100vw, 984px\" \/><\/figure>\n","protected":false},"excerpt":{"rendered":"<p>Bienvenido al \u00e1rea del Clientes de M\u00e9trica Ingenier\u00eda S.A El contenido de esta \u00c1rea es exclusiva para usuarios registrados, favor le suplicamos no revelar su usuario y contrase\u00f1a con terceros. Puede iniciar sesi\u00f3n en el siguiente link http:\/\/metrica.com.py\/clientes\/login<\/p>\n","protected":false},"author":1,"featured_media":0,"parent":0,"menu_order":0,"comment_status":"closed","ping_status":"closed","template":"","meta":{"footnotes":""},"class_list":["post-2","page","type-page","status-publish","hentry"],"_links":{"self":[{"href":"http:\/\/metrica.com.py\/clientes\/wp-json\/wp\/v2\/pages\/2","targetHints":{"allow":["GET"]}}],"collection":[{"href":"http:\/\/metrica.com.py\/clientes\/wp-json\/wp\/v2\/pages"}],"about":[{"href":"http:\/\/metrica.com.py\/clientes\/wp-json\/wp\/v2\/types\/page"}],"author":[{"embeddable":true,"href":"http:\/\/metrica.com.py\/clientes\/wp-json\/wp\/v2\/users\/1"}],"replies":[{"embeddable":true,"href":"http:\/\/metrica.com.py\/clientes\/wp-json\/wp\/v2\/comments?post=2"}],"version-history":[{"count":4,"href":"http:\/\/metrica.com.py\/clientes\/wp-json\/wp\/v2\/pages\/2\/revisions"}],"predecessor-version":[{"id":169,"href":"http:\/\/metrica.com.py\/clientes\/wp-json\/wp\/v2\/pages\/2\/revisions\/169"}],"wp:attachment":[{"href":"http:\/\/metrica.com.py\/clientes\/wp-json\/wp\/v2\/media?parent=2"}],"curies":[{"name":"wp","href":"https:\/\/api.w.org\/{rel}","templated":true}]}}